 divided by 301.
258
What is the remainder when 298 is divided by 192?
106
What is the remainder when 1475 is divided by 26?
19
Calculate the remainder when 19 is divided by 11.
8
Calculate the remainder when 21 is divided by 21.
0
What is the remainder when 841 is divided by 186?
97
Calculate the remainder when 640 is divided by 89.
17
Calculate the remainder when 296 is divided by 18.
8
What is the remainder when 107 is divided by 31?
14
Calculate the remainder when 226 is divided by 39.
31
Calculate the remainder when 56 is divided by 32.
24
Calculate the remainder when 150 is divided by 28.
10
Calculate the remainder when 190 is divided by 39.
34
What is the remainder when 369 is divided by 20?
9
Calculate the remainder when 1260 is divided by 29.
13
What is the remainder when 246 is divided by 35?
1
What is the remainder when 47 is divided by 6?
5
What is the remainder when 1861 is divided by 23?
21
Calculate the remainder when 616 is divided by 157.
145
What is the remainder when 944 is divided by 43?
41
What is the remainder when 333 is divided by 163?
7
What is the remainder when 122 is divided by 16?
10
What is the remainder when 15287 is divided by 110?
107
What is the remainder when 59 is divided by 30?
29
Calculate the remainder when 474 is divided by 36.
6
Calculate the remainder when 61 is divided by 23.
15
Calculate the remainder when 243 is divided by 61.
60
What is the remainder when 13679 is divided by 90?
89
Calculate the remainder when 1156 is divided by 381.
13
Calculate the remainder when 3014 is divided by 16.
6
Calculate the remainder when 79 is divided by 26.
1
What is the remainder when 461 is divided by 146?
23
What is the remainder when 153 is divided by 1?
0
Calculate the remainder when 321 is divided by 19.
17
Calculate the remainder when 56 is divided by 41.
15
Calculate the remainder when 268 is divided by 35.
23
What is the remainder when 867 is divided by 31?
30
Calculate the remainder when 230 is divided by 119.
111
Calculate the remainder when 1303 is divided by 406.
85
Calculate the remainder when 263 is divided by 125.
13
What is the remainder when 1208 is divided by 11?
9
What is the remainder when 1 is divided by 1?
0
Calculate the remainder when 358 is divided by 134.
90
Calculate the remainder when 3962 is divided by 1309.
35
Calculate the remainder when 159 is divided by 73.
13
Calculate the remainder when 1128 is divided by 162.
156
Calculate the remainder when 926 is divided by 462.
2
What is the remainder when 240 is divided by 126?
114
Calculate the remainder when 1089 is divided by 42.
39
What is the remainder when 2569 is divided by 117?
112
Calculate the remainder when 396 is divided by 125.
21
What is the remainder when 15280 is divided by 182?
174
Calculate the remainder when 1106 is divided by 31.
21
What is the remainder when 1361 is divided by 13?
9
Calculate the remainder when 272 is divided by 2.
0
What is the remainder when 94 is divided by 4?
2
Calculate the remainder when 1527 is divided by 250.
27
Calculate the remainder when 361 is divided by 106.
43
Calculate the remainder when 399 is divided by 40.
39
Calculate the remainder when 58 is divided by 43.
15
Calculate the remainder when 277 is divided by 33.
13
What is the remainder when 220 is divided by 59?
43
Calculate the remainder when 58 is divided by 12.
10
Calculate the remainder when 80 is divided by 67.
13
What is the remainder when 3259 is divided by 651?
4
What is the remainder when 53531 is divided by 13?
10
Calculate the remainder when 3548 is divided by 53.
50
Calculate the remainder when 1086 is divided by 34.
32
Calculate the remainder when 172 is divided by 59.
54
What is the remainder when 217 is divided by 17?
13
What is the remainder when 214 is divided by 36?
34
Calculate the remainder when 348 is divided by 105.
33
Calculate the remainder when 1234 is divided by 18.
10
What is the remainder when 236 is divided by 126?
110
What is the remainder when 1602 is divided by 9?
0
What is the remainder when 223 is divided by 54?
7
Calculate the remainder when 80 is divided by 7.
3
Calculate the remainder when 3958 is divided by 72.
70
What is the remainder when 306 is divided by 20?
6
Calculate the remainder when 387 is divided by 112.
51
What is the remainder when 2055 is divided by 343?
340
What is the remainder when 589 is divided by 37?
34
What is the remainder when 125 is divided by 41?
2
Calculate the remainder when 574 is divided by 36.
34
What is the remainder when 38 is divided by 15?
8
What is the remainder when 143 is divided by 28?
3
What is the remainder when 4778 is divided by 1188?
26
What is the remainder when 2938 is divided by 196?
194
Calculate the remainder when 2460 is divided by 224.
220
Calculate the remainder when 2239 is divided by 20.
19
What is the remainder when 2259 is divided by 69?
51
What is the remainder when 1470 is divided by 145?
20
What is the remainder when 34213 is divided by 28?
25
Calculate the remainder when 50159 is divided by 103.
101
What is the remainder when 809 is divided by 44?
17
What is the remainder when 316 is divided by 17?
10
What is the remainder when 75 is divided by 38?
37
Calculate the remainder when 308 is divided by 140.
28
Calculate the remainder when 73 is divided by 21.
10
Calculate the remainder when 817 is divided by 162.
7
Calculate the remainder when 175 is divided by 54.
13
Calculate the remainder when 2019 is divided by 119.
115
What is the remainder when 193 is divided by 96?
1
What is the remainder when 157 is divided by 78?
1
Calculate the remainder when 115 is divided by 13.
11
Calculate the remainder when 1611 is divided by 281.
206
What is the remainder when 1946 is divided by 397?
358
What is the remainder when 7253 is divided by 93?
92
Calculate the remainder when 8420 is divided by 24.
20
Calculate the remainder when 322 is divided by 82.
76
Calculate the remainder when 25 is divided by 21.
4
What is the remainder when 216 is divided by 50?
16
Calculate the remainder when 52 is divided by 30.
22
What is the remainder when 33 is divided by 14?
5
What is the remainder when 1575 is divided by 8?
7
What is the remainder when 60 is divided by 24?
12
Calculate the remainder when 28 is divided by 4.
0
Calculate the remainder when 43 is divided by 13.
4
What is the remainder when 429 is divided by 87?
81
Calculate the remainder when 4918 is divided by 1637.
7
Calculate the remainder when 152 is divided by 79.
73
What is the remainder when 317 is divided by 113?
91
Calculate the remainder when 29 is divided by 17.
12
What is the remainder when 1216 is divided by 21?
19
Calculate the remainder when 12234 is divided by 6116.
2
What is the remainder when 2128 is divided by 27?
22
What is the remainder when 45 is divided by 6?
3
What is the remainder when 87 is divided by 46?
41
What is the remainder when 1335 is divided by 11?
4
What is the remainder when 6865 is divided by 63?
61
Calculate the remainder when 2552 is divided by 850.
2
What is the remainder when 66 is divided by 19?
9
What is the remainder when 56 is divided by 22?
12
What is the remainder when 1782 is divided by 122?
74
Calculate the remainder when 3291 is divided by 3.
0
What is the remainder when 573 is divided by 147?
132
Calculate the remainder when 669 is divided by 227.
215
Calculate the remainder when 120 is divided by 44.
32
What is the remainder when 253 is divided by 104?
45
Calculate the remainder when 1079 is divided by 24.
23
Calculate the remainder when 1535 is divided by 29.
27
Calculate the remainder when 783 is divided by 79.
72
What is the remainder when 380 is divided by 129?
122
What is the remainder when 11 is divided by 6?
5
What is the remainder when 845 is divided by 94?
93
What is the remainder when 721 is divided by 53?
32
What is the remainder when 2655 is divided by 883?
6
What is the remainder when 67 is divided by 51?
16
Calculate the remainder when 4101 is divided by 19.
16
Calculate the remainder when 464 is divided by 20.
4
Calculate the remainder when 5515 is divided by 65.
55
What is the remainder when 1410 is divided by 83?
82
Calculate the remainder when 553 is divided by 247.
59
What is the remainder when 517 is divided by 40?
37
Calculate the rem